 - (8 + -6)))
9
What is -2 - ((-33 - -39) + (2 - 8))?
-2
1 - -2 - (0 + (7 - 3))
-1
0 + 0 + 3 + -2
1
What is -4 - (-8 - -2) - -1?
3
2 + (8 - 11) + 0 + -4
-5
What is the value of (5 + 4 - 1) + 1 + -3?
6
(7 + -8 - -6) + (1 - -3)
9
What is the value of (96 - 103) + 1 + 7?
1
Calculate (2 - (5 + 4 + -6)) + 2.
1
154 - 157 - (-1 + 1 - -1)
-4
10 - (14 - 8) - (2 + 2)
0
Calculate -5 - (-9 + 5 - 0).
-1
What is (-5 - (5 + -4 + -6)) + 4?
4
Evaluate -6 + (-2 - 4) + -1 - -7.
-6
0 + (-8 + 18 - 10)
0
What is -3 - (-5 - (0 + 0) - -2)?
0
Calculate (2 - -2) + 3 + -5 + 3.
5
What is -4 + 3 - -8 - 3?
4
Calculate 0 + (6 - ((1 - 2) + 3)).
4
What is 1 + -6 + 3 + 6 + -3?
1
What is the value of -41 + 37 + 6 + 1?
3
2 + -5 + 3 - 2
-2
What is the value of (-5 - -5) + 0 + -4?
-4
What is the value of 6 + -8 + 7 - 5?
0
What is the value of 28 + -25 + 0 + 0?
3
Calculate 5 - (8 - 13) - 7.
3
Evaluate (3 - 1) + (56 - 54).
4
19 + -13 - 0 - (-3 - -1)
8
What is -10 - -17 - (2 - 1) - 0?
6
What is the value of 14 + -3 + (3 - (-1 - -8))?
7
Calculate 0 + 16 + -12 - -2.
6
What is the value of -5 - (5 + -6 + -5)?
1
What is 29 - 24 - (14 - (4 - 2))?
-7
Calculate 6 + -10 + -2 + 5.
-1
Evaluate 3 + (4 - 8) + (-2 - -4).
1
What is 5 - (9 + 1 - (57 + -53))?
-1
Calculate (10 - (-1 + (5 - -3))) + 7.
10
Calculate -2 + (6 - (2 - -3)) + 8.
7
Calculate 2 - -2 - 4 - -4.
4
Evaluate -60 + 54 + (0 - 0).
-6
What is the value of -142 + 134 - (-10 - 0)?
2
Calculate -2 - (5 - 2 - 2).
-3
What is -1 + 3 - 2 - (-9 - -3)?
6
What is -1 - (1 - -6) - (105 + -108)?
-5
Calculate 0 + (4 - 3) + 4.
5
What is the value of 7 - ((-3 + 7 - 1) + -2)?
6
Calculate -8 + 3 + 6 + -6 + 4.
-1
-7 + 5 + -4 + 1
-5
Calculate (-3 - -2) + -3 - (5 - 16).
7
Calculate 8 - (9 - 11 - 0).
10
Calculate -2 - (-6 - -6 - 3).
1
What is (21 - 17) + (-13 - -5)?
-4
(-9 - -4) + (-18 - -15)
-8
What is -2 - (2 - (2 + -4 + 6))?
0
Calculate 0 - (4 + -5 + -2).
3
Calculate 2 - (-1 + -2) - 3 - -1.
3
6 + -7 + -1 + 0
-2
Evaluate (0 - 1 - -1) + 9 + -7.
2
(-9 - (10 - 7 - 8)) + 10
6
Evaluate -52 - -58 - (-1 + 10).
-3
What is the value of (-4 - (5 - (-1 - -5))) + 2?
-3
-4 - (1 - -3 - 6)
-2
What is the value of 3 - (-2 + 6) - (0 - 1)?
0
What is the value of (-1 - (-5 + -4)) + -4 + 0?
4
Calculate 2 - (-4 + (-5 - -5) - -9).
-3
What is -5 - (0 + 3 + -4) - -1?
-3
What is 2 - (-6 + 6 + (1 - 4))?
5
Evaluate -2 + 3 + (0 - 1).
0
Calculate (15 - 7) + (-4 - 1) - 9.
-6
(-4 - (-2 + -1)) + 1
0
Calculate 1 - -1 - (2 - (-2 - 2)).
-4
What is the value of 0 - -1 - (-36 - -33)?
4
What is the value of (3 - 1 - -1) + 1?
4
Calculate 0 + 1 + 3 - 0 - 3.
1
What is 3 + 1 + (-3 - 0) - -2?
3
Evaluate (-7 + 9 - 22) + 12.
-8
What is the value of 0 + -1 - (4 + 0 + -2)?
-3
Calculate -8 + 1 - (-11 - (5 - 12)).
-3
What is 8 - (-1 - (-7 - (-2 - 5)))?
9
(2 - -1) + -2 + -1
0
2 - (-4 - -2) - (5 - 6)
5
-2 + (-3 - ((-2 - -4) + -4))
-3
Calculate (-2 - (-1 + -4)) + 0.
3
What is the value of 0 + 15 + -12 + (1 - 6)?
-2
What is -13 - -11 - (4 - (-1 + -1))?
-8
What is the value of (-2 + 7 - (7 - 4)) + 3?
5
What is (-1 - 1 - 2) + -238 + 245?
3
Calculate (10 - 1 - (-3 - 1)) + -6.
7
What is the value of -26 + 9 + 2 + 8?
-7
What is the value of -10 + -1 + (-4 - -11)?
-4
What is the value of -10 - (1 + (-4 - 2) + 0)?
-5
Evaluate (-3 - (-1 + 1)) + 9 + -3.
3
8 - (-1 + 4 + -4)
9
5 + (5 - (2 + 8))
0
What is -8 + (-6 - -2 - -9)?
-3
(3 - -4 - (3 + -1)) + 0
5
What is the value of (-162 - -161) + -1 + -1 + 0?
-3
Calculate 2 - (-3 + 2) - (-7 + 13).
-3
What is the value of (0 - (0 + -1 + 0)) + 6?
7
What is the value of -10 - (11 + -13 + -1)?
-7
What is the value of -3 + -4 + 6 + -1 + 3?
1
Calculate 3 - (2 + -4) - (7 - 6).
4
Calculate -10 + (8 - (-5 - -3)).
0
Calculate (3 - 7) + 0 + 6.
2
4 + (3 + -2 - 2) - 1
2
What is the value of -7 + (17 + -4 - 1 - -2)?
7
(6 - 24) + 1 + 11
-6
-1 - 2 - (0 + -5)
2
What is -3 - (2 + -2 + -4 + 2)?
-1
Evaluate (1 - 8) + -18 + 20.
-5
Evaluate 7 + 0 + 53 + -64 + 11.
7
What is the value of -17 - (-5 + 11 + -19)?
-4
Evaluate 16 + -12 + (2 - (0 + 3)).
3
What is 0 - (4 + -12 - -6)?
2
Calculate 1 + -2 - (-7 - (-7 - 1)).
-2
Evaluate 8 + -20 - (1 - 1 - 5).
-7
3 - ((3 - 4) + -1)
5
Evaluate (31 - 36) + -3 + 14 + -4.
2
What is the value of 3 + -2 + (-9 - (-5 - -1))?
-4
-1 + (0 - 4) - -6
1
-2 + -2 + (-5 + 5 - 1)
-5
12 + -5 + 3 + -6
4
What is the value of -4 + -6 + 11 + -5?
-4
What is (0 - 2) + 1 + 4 + -1?
2
(-1 - -6) + -3 + 8 + -6
4
What is the value of 8 + (-7 - -1) - 2?
0
Calculate (-9 - 3) + 13 + 2.
3
Calculate -5 + 5 + (-5 - -9) + -5.
-1
What is the value of 4 + -9 - -4 - 1 - -4?
2
What is 7 - 0 - (49 + -38)?
-4
Calculate -2 + -9 - (-3 + 0 + -4).
-4
What is the value of -4 + 6 + -5 + 1 + 1?
-1
Evaluate (1 - (2 + -1)) + -2.
-2
Evaluate (27 - (31 + 2)) + -1 + 14.
7
Calculate -56 + 48 - (0 + -9).
1
Calculate 4 - (-1 + (10 + -3 - 2)).
0
(7 - 2) + -2 - (29 - 29)
3
What is (0 - (-2 - -5)) + 0 + 1?
-2
5 + (21 + -19 - (1 - -5))
1
What is -8 + (0 + 0 - -5) - 3?
-6
What is (-1 - (-3 + 0)) + -5?
-3
Calculate (131 - 137) + (6 - -1).
1
Evaluate 2 - (-6 + 4 + (-2 - -3)).
3
Calculate -4 + 0 - 5 - -4.
-5
Evaluate 28 - 23 - ((-5 - -2) + 6).
2
What is (-7 - 1) + 2 + (46 - 35)?
5
(4 - (4 - (3 + -1))) + -3
-1
-19 - -16 - (3 - 2)
-4
-11 + (1 - -6) - -6
2
Evaluate -2 + 4 + 0 + (-1 - 0).
1
What is the value of (-40 - -32) + (-1 - 2)?
-11
What is ((-1 - -2) + 3 - -2) + -3?
3
Evaluate 4 - 0 - (1 + 0 + 4).
-1
-6 + (-8 - -2) + 6
-6
What is -8 - (-10 - (-3 + -5))?
-6
Evaluate -16 + 8 + -5 + 8.
-5
Evaluate 7 + -16 + 14 - (-4 + 2).
7
What is 10 + -6 - (-4 + 13)?
-5
What is -2 + -3 - -3 - 3?
-5
(6 - 7) + 8 + -13
-6
Calculate (-8 - -1) + 10 - (2 + -1).
2
Evaluate -1 + -5 + (14 - 7).
1
What is the value of 3 + (-3 + 5 - 0) - -1?
6
What is -16 + (-7 - -14) - -12?
3
What is the value of (-2 + 5 - 0) + 2?
5
What is (-1 - 2) + (-5 - -17)?
9
What is -5 + 9 + -3 + -10 + 6?
-3
8 - -5 - -4 - 9
8
Evaluate 5 + -8 - (0 - 0).
-3
Calculate -37 + 39 + (1 - 1 - 2).
0
Evaluate -4 + -5 + 4 + 3 - -5.
3
Calculate 0 + 1 + 49 + -47.
3
What is the value of -6 + -3 + 1 + (2 - -1)?
-5
What is 2 + 0 - (6 - 4 - -1)?
-1
What is the value of (4 - 3 - 5 - -2) + 0?
-2
Evaluate 3 + -5 + 5 - (-1 + 5).
-1
-3 + (-7 - (-4 + -3))
-3
-3 + (-5 - (6 + -9))
-5
What is -6 - (-1 - (2 + -4 - -5))?
-2
Calculate 1 - (-7 - (0 + (-7 - -2))).
3
Calculate 17 + -9 + -10 + 10.
8
7 + -1 + -16 + 19 + -5
4
Calculate (-16 - -4 - -2) + 5 + -3.
-8
What is the value of -1 - (4 + -3 + 2)?
-4
What is 1 + 1 + -2 + -1?
-1
What is the value of (1 - (-2 - -5)) + (17 - 16)?
-1
Calculate -4 + ((-3 - -2) + -4 - -7).
-2
What is -3 + (4 - -2) + -6 - -2?
-1
Evaluate -1 + (0 - (2 - 8)).
5
Calculate -2 - (-3 - (-2 + 1 + 2)).
2
What is the value of 4 + (6 - 5 - 3)?
2
Evaluate -2 + (2 - (5 + (4 - 2))).
-7
Evaluate (-4 - (9 + -19)) + -9.
-3
What is (-3 - (2 - 4)) + 2?
1
4 + (3 + -5 + -10 - -5)
-3
What is the value of -7 - (-7 - (1 + 0 + -4))?
-3
Evaluate -2 - (-6 + 19 + -5).
-10
Evaluate 5 + 3 + (0 - 4).
4
2 - (2 + 0 + 3)
-3
Evaluate (2 - (-3 + 6)) + -1 + 4.
2
Evaluate (-4 - -2 - 0) + 0 - -2.
0
What is the value of 3 + 13 + -12 + -11?
-7
What is the value of 7 - 4 - 4 - -6?
5
Calculate (2 - 5) + -2 + -1.
-6
What is the value of (-24 - -23) + 3 + -1?
1
1 - 2 - (1 + 11 + -6)
-7
What is the value of (3 - ((-1 - -2) + 1)) + 1?
2
What is the value of -2 + -4 + -1 + 7?
0
What is 4 + 0 + -13 + 5?
-4
Calculate 6 + (-9 - -16 - (14 + -3)).
2
What is 11 + 7 + -7 + -4?
7
What is -13 - (2 + -11 + (12 - 10))?
-6
What is 2 + -5 + -2 + 2?
-3
Evaluate -4 + (-2 - 4) + 7.
-3
Calculate -9 - -16 - (6 + -2).
3
What is the value of (2 - 9) + 54 + -47?
0
Evaluate -10 - (-1 - 3 - 2).
-4
What is -6 + (-8 - -6) - -10?
2
-1 - 3 - (4 + -5)
-3
What is 7 + -1 + -14 + 11?
3
Calculate 4 + (-11 - 8) + 5 + 2.
-8
What is the value of (10 + -6 - 4) + -7?
-7
What is the value of -2 - (-4 + -4 + 2 + 9)?
-5
Calculate 3 + (0 - 2 - 0) - 6.
-5
What is the value of (-1 - 4) + 28 + -24?
-1
What is the value of (-6 + 0 - 0) + 3?
-3
Evaluate -2 + 13 + (-3 - 10).
-2
What is (-7 - -2) + (-5 - (-13 - -7))?
-4
(-8 - -11 - (0 - -6)) + 5
2
Calculate -5 + (-3 - -4) + 1.
-3
What is the value of 3 - 4 - (-2 + (7 - 4))?
-2
What is the value of 1 + 0 + 0 + (4 - 7)?
-2
What is the value of -2 + 2 + -3 + -1?
-4
1 + -2 - (2 + -6 + 3)
0
Calculate -7 - (9 - 4 - (-3 - -1